tens digit of s?
2
Suppose -50*k + 18240 = -26*k. What is the units digit of k?
0
Suppose 1726 = 34*b - 1538. What is the tens digit of b?
9
What is the hundreds digit of 109*(-4)/(0 + -2)?
2
Let q(u) = -u**2 + 14*u - 24. Let m be q(11). Let p(x) = 3*x**2 + x - 19. What is the hundreds digit of p(m)?
2
Let w(s) = -48*s - 15. What is the units digit of w(-4)?
7
Let j be -4 - (1 - -1 - 3). Let u = j - 1. What is the tens digit of (-12)/(-2*(-2)/u)?
1
Let s = 12 - 26. What is the units digit of (3/(-2 - s))/((-6)/(-4344))?
1
Let z = -8 - -11. Let x(q) = q**3 - 2*q**2 - 2*q - 3. Let m be x(z). Suppose 0 = -m*t - 3*t + 3*u + 21, 5*t - u - 15 = 0. What is the units digit of t?
2
Suppose -1439 = -2*k - 2*k - o, -3*o = 3*k - 1077. What is the units digit of k?
0
Let n be (-38)/(-14) - (-8)/28. Suppose 0*u - 186 = -n*j - u, 2*j - u = 124. Suppose j = -0*m + 2*m. What is the tens digit of m?
3
Suppose -3709 = -14*o - 433. Suppose -1117 - o = -7*a. What is the hundreds digit of a?
1
Let n = 3101 + -1921. What is the units digit of n?
0
Let l(j) = -2*j**2 - 4 + 2*j + 0*j - 6*j**3 + 4*j**2 + 5. What is the units digit of l(-2)?
3
Let h(j) be the third derivative of 23*j**4/6 + 11*j**3/2 - 27*j**2. What is the tens digit of h(3)?
0
Suppose w - 814 + 285 = -2*z, w = -4*z + 531. What is the tens digit of w?
2
Suppose o - 35 - 30 = 0. Suppose -5*p + 60 = -15. Suppose -3*a = 5*k - o, 2*k - 5*a = k - p. What is the tens digit of k?
1
Suppose n = 5*n - 12. Suppose n*h + 108 = 3*v, 4*h = 3*v + 2*h - 106. What is the units digit of v?
4
Let i(j) = j**3 + 15*j**2 + 11*j - 8. What is the units digit of i(-9)?
9
Let x be 4/(-14) + (-57)/21. Let q(c) = -25*c**2 - c. Let z be q(x). What is the units digit of 20/30*z/(-4)?
7
Let n = 17 - -20. Let t = n - -30. What is the units digit of t?
7
Let s = 45 - -666. What is the tens digit of s?
1
Suppose 4*h = -4*c + 1784, 0 = 7*h - 10*h + c + 1322. What is the hundreds digit of h?
4
Let n(t) = t**3 + 7*t**2 - 10*t - 15. Let h be n(-8). What is the tens digit of (4 + -3)/(h/44)?
4
What is the tens digit of 4 - (-2)/4*(461 + -1)?
3
Let u be 16/6*(-4 - 66/(-12)). Suppose u*n - 560 = 356. What is the tens digit of n?
2
Let b be (272/(-32))/((-1)/22). Let u = b + -121. What is the tens digit of u?
6
Let r be 2/(-5) + (-88)/(-20). Let b be (0 - 30)/(r - 6). Suppose 0 = 2*s - 5*s + b. What is the units digit of s?
5
Suppose 2*l = -2*j + 8, -4*j + 3*l = -j - 18. Suppose -4*b - 5*i + 123 = 4, -2*b + 67 = j*i. What is the units digit of b?
6
Let d be 33*(-4)/(-12)*5. Let z = d - -154. What is the hundreds digit of z?
2
Let x(r) = -3*r - 25 + 4*r + 18. Let a be x(9). What is the tens digit of (120/36)/(a/18)?
3
Let n(p) = -p**3 - 7*p**2 + 9*p + 11. Let x be n(-8). Suppose 76 = r + x*g, -3*r = g - 263 + 27. Let j = r - 42. What is the units digit of j?
7
Let j = 4 - 1. Let l be (-30)/j*36/5. Let p = -35 - l. What is the units digit of p?
7
Let t(q) be the first derivative of 2*q**3/3 + 13*q**2/2 - 5*q - 13. What is the units digit of t(-13)?
4
Let f(n) = -n**3 + 12*n**2 + 14*n - 13. Let t be f(13). Suppose 2*v - v - 1 = t. What is the units digit of v?
1
Suppose 5*o - 23 = -4*i, -5*o + i + 4*i + 5 = 0. Suppose s + o = 2*s. Suppose 0 = s*h - h - 50. What is the units digit of h?
5
Let h(u) = -u**3 - 6*u**2 + u - 16. Let x be h(-5). Let w = 90 + x. What is the units digit of w?
4
Let g be 1 + (-4)/8*-16. Suppose -292 = -g*p + 797. What is the tens digit of p?
2
Let y(v) = -5*v**3 - v**2. Let z be y(-1). Suppose 2*x - f - 5 = 0, 14 = -5*x - 5*f - 11. Suppose x = z*l - 31 - 45. What is the tens digit of l?
1
Let a(g) = -5*g**3 + 3*g**3 - 8*g + 10*g**2 - 5 + g**3. Let z be a(9). Suppose 4*k - 96 = 5*f, 2*k - 30 = -z*f + 2*f. What is the tens digit of k?
1
Let n(l) = -l**3 - 2*l**2 + l - 1. Let m be n(-3). Suppose 519 = 3*p + m*o, 0*p = p + 2*o - 174. What is the tens digit of p?
6
Let c(m) = -m**3 - 5*m**2 - 2*m + 11. Let p be c(-4). What is the units digit of (14 + -32)/(p/(-2))?
2
Let b = -845 + 1501. What is the hundreds digit of b?
6
Let o be (-2 - -2)/(1 + (1 - -1)). Suppose -4*x - x = 3*a - 143, 3*x + 2*a - 86 = o. What is the tens digit of x?
2
Suppose 19*w - w = 7992. What is the units digit of ((-3)/(-2))/(6/w)?
1
What is the units digit of -5 - 4/((-8)/(-195))*-10?
0
Let t(r) = -r**2 + 2*r + 18. Let u = 20 - 18. Let v be 0/(u - (7 + -4)). What is the units digit of t(v)?
8
Suppose 0 = 3*a + 131*l - 134*l - 660, -3*l = -4*a + 880. What is the units digit of a?
0
Let y(b) = 420*b - 91. What is the tens digit of y(6)?
2
Let c(v) = v**3 + 2*v**2 - 15*v + 13. Let w be c(-5). Let g(l) be the second derivative of 5*l**3/6 - 8*l**2 + l. What is the units digit of g(w)?
9
Let x = 12 - -25. Suppose 5*w = -16 - 24. Let h = x - w. What is the tens digit of h?
4
Let j = 9 + 64. Let u = j - 26. What is the tens digit of u?
4
Let a(z) = 6*z + 3. Let g be a(-6). Suppose -2*s + 108 = 2*v, s + v + 111 = 3*s. Let o = g + s. What is the tens digit of o?
2
Suppose -29*g = -53*g + 53232. What is the tens digit of g?
1
Let h = 120 + -141. Let m(w) = -3 - 25*w + 0*w**2 - w**2 + 2*w - 2. What is the tens digit of m(h)?
3
What is the tens digit of 60*(380/125)/((-2)/(-5))?
5
Let h(v) be the first derivative of v**4 + v + 7. Let i be h(1). Suppose -5 - i = -c. What is the units digit of c?
0
Suppose -3*u + b = -418 - 996, -5*u = -4*b - 2352. What is the tens digit of u?
7
Let m(g) = g**3 - 7*g**2 + 8*g - 5. Let i be m(6). Suppose 288 = i*d - 356. What is the units digit of d?
2
Suppose 0 = -0*w - w. What is the units digit of (-1 - -3) + -1 + w?
1
Let y be (0 - -1) + 0 - 21. Suppose 25 = 5*i, 11*i - 15*i = 5*n + 5. What is the units digit of (-496)/y - 1/n?
5
What is the tens digit of 795 - (6 - (-2 + 5))?
9
Suppose 5*t + 39 = a, 0 = 5*t - 3*a + 28 + 19. Let f be t/(7/(-2)) + -1. What is the tens digit of f - 2*(-44)/8?
1
Suppose 0 = 3*k + k - 5*r - 2, 5*r = -4*k - 18. Let z be k - 2/(4/(-254)). Suppose 3*h = -u + 174, 4*h = u + z + 114. What is the tens digit of h?
5
Let z = -1108 + 1586. What is the hundreds digit of z?
4
Let x be (2/(-3))/(8/(-1104)). Let r = x + -57. What is the units digit of r?
5
Suppose 0 = -1581*z + 1564*z + 7361. What is the hundreds digit of z?
4
Let c(t) = t**3 + 9*t**2 - 14. Let r be c(-7). What is the units digit of (1/(-4))/((-3)/r)?
7
Suppose 4 = -j - 1. Let f be j + 12 + 2*-1. Let t(n) = n**2 - 4*n + 7. What is the tens digit of t(f)?
1
Let c(f) = -f + 20. Let u be c(9). Let l(d) = -d**2 + 12*d - 3. What is the units digit of l(u)?
8
Let c(o) = -2*o**2 - 10*o + 3. Let h be c(-4). What is the tens digit of 20/14*385/h?
5
What is the thousands digit of ((-10)/8)/5 - 12015/(-12)?
1
Suppose 5*j - 2443 = 1227. What is the hundreds digit of 6/(-18) + j/6?
1
Let z(t) = 15*t**2 + t - 10. Let i = -10 + 13. Let m be z(i). Suppose m = 2*h + 50. What is the units digit of h?
9
Suppose 2*u + 21 = 3*u. Let x = -11 + u. What is the units digit of (-10)/(-1)*44/x?
4
Suppose -6*h = -4*h. Suppose h = -3*b + 24. Suppose 0 = -4*p, 2 + b = 5*k - 4*p. What is the units digit of k?
2
Let a(p) = p**2 - 7*p + 6. Let m be a(7). Let g be (m/(-10))/((-10)/250). Suppose 0*w = -3*w - g, -4*w - 72 = -4*t. What is the tens digit of t?
1
Let w = -77 + 73. What is the units digit of 400/65 - w/(-26)?
6
Suppose 0 = y + 3*y. Let a = 19 - -26. Suppose 3*j + y*j = a. What is the tens digit of j?
1
Suppose 26 + 22 = -4*t. Let o = 2 - t. Let v = o - -2. What is the units digit of v?
6
Let m(d) = 19 - d**2 - 6 + 7*d - 26*d - 12*d. What is the units digit of m(-18)?
7
Suppose 434*f + 6666 = 440*f. What is the tens digit of f?
1
Let w(d) = -5*d**3 - 3*d**2 + 1. Let k be w(-1). Suppose t + 80 = k*t. What is the tens digit of t?
4
Let n be 13 + -11 - 52*-2. Suppose -4*o - 6*t = -2*t - 128, -5*t + n = 3*o. What is the tens digit of o?
2
Suppose 13*w = -11*w + 15048. What is the units digit of w?
7
Let y(x) = 93*x - 50. Let r(b) = -46*b + 25. Let d(l) = -9*r(l) - 4*y(l). What is the hundreds digit of d(5)?
1
Let z(d) = d**2 + d + 22. Let q = -35 + 44. What is the hundreds digit of z(q)?
1
Let n be (-1)/((-3)/9) - 1. Suppose 2*u - 5*p - 24 - 447 = 0, n*p = 10. What is the tens digit of u?
4
Suppose -i = -3*n + 36 + 47, -4*i - 292 = -4*n. What is the units digit of i/(-2